when q(-7) is divided by 17?
15
Suppose 0 = 2*m + 14, -v - 27*m + 25*m + 9957 = 0. Calculate the remainder when v is divided by 285.
281
Let n = -124 + 134. Calculate the remainder when 298 is divided by n.
8
Let b(v) = -46*v + 133*v - 46*v + 58 - 44*v. What is the remainder when b(8) is divided by 7?
6
Let v(t) = t**3 - 21 + 30 - 6 + 15*t**2 - t. Let j = 67 - 34. What is the remainder when j is divided by v(-15)?
15
Suppose -77*t + 91*t = 266. Suppose -3*a + 134 = -109. What is the remainder when a is divided by t?
5
Let b(u) be the second derivative of u**4/12 - 3*u**3 - 95*u**2/2 + 40*u. Calculate the remainder when b(-11) is divided by 47.
36
Suppose 3*f + 5*w = 293, 2*w + 94 = -4*f + 5*f. Let k = f + -90. Suppose -k*x = -75 - 183. Calculate the remainder when 255 is divided by x.
40
Suppose 13*w + 235 = 4*b, 65*b + w - 305 = 61*b. Calculate the remainder when b is divided by 39.
36
Suppose -9*w + 138 = 5*o - 6*w, 2*o - 5*w = 80. Suppose r + 59 = 3*x, 2*r + 21 = 2*x + 5*r. Calculate the remainder when o is divided by x.
12
Let h = 4653 - 4575. What is the remainder when 63411 is divided by h?
75
Suppose -3*u + 400 = -4*s, 0*u = -2*u - 3*s + 261. Suppose 0 = 4*k - 2*a - 84, -77*k + 76*k = a - 15. What is the remainder when u is divided by k?
18
Let b = -12 - -200. Let v(t) = t**3 + t**2 + 7*t - 9. What is the remainder when b is divided by v(3)?
44
Suppose -4*s = -4*v + 12, 3*s + s - 3*v = -13. What is the remainder when 45 is divided by (1*4)/(3/(-48)*s)?
13
What is the remainder when 2/2 - ((5 - 116) + -24) is divided by 135?
1
Suppose -4*s - 3*p + 795 = -0*s, 0 = -3*s - p + 595. Let z = -190 + s. Calculate the remainder when 61 is divided by z.
5
Suppose -3*m - 27 = 3. Let a be -2 + (m/(-6))/(4/(-12)). Calculate the remainder when 22 is divided by (24/a)/(22/(-77)).
10
Suppose -a + 4*w - 547 = 0, 2*w - 539 = 6*a - 5*a. Let t = 539 + a. Suppose l + 124 = 3*l. What is the remainder when l is divided by t?
6
Let d(x) be the third derivative of x**6/60 - x**5/2 + x**4/8 + 5*x**3/2 - 6*x**2 - 4*x. Calculate the remainder when d(15) is divided by 18.
6
Let y = 2179 - 2131. What is the remainder when 313 is divided by y?
25
Suppose -19*z + 106 = 11. What is the remainder when 406 is divided by 1/(2/z - 129/360)?
22
Suppose -38*l = -89*l + 4947. Suppose 0 = i + l - 213. What is the remainder when i is divided by 51?
14
Suppose 0 = 9*v - 231 + 213. Let m = 0 - -3. Suppose 34 = 4*s + v*p, 7*p = -m*s + 2*p + 15. What is the remainder when s is divided by 4?
2
Suppose 3*t = -3*m - 9, 0*m + 3*m = t + 7. Let d(i) = 92*i**2 - 2. Calculate the remainder when d(m) is divided by 23.
21
Let r be 11 - ((11 - 7) + -6). Suppose -p = -r*p + 192. Calculate the remainder when 63 - (1 - 2/2) is divided by p.
15
Let s(l) = -10*l**3 + 89*l**2 + 2*l + 83. Let a = 7 + -3. What is the remainder when a/(-18) + (-4716)/(-81) is divided by s(9)?
18
Let n be ((-360)/50)/((-6)/200). Suppose 26*l = 708 - n. What is the remainder when 32 is divided by l?
14
What is the remainder when -796*1/((16 - 3)/(-26)) is divided by 88?
8
Suppose 24*y - 21*y - 13 = -d, -5*y = -25. What is the remainder when -1 + (3/d)/(3/(-6)) is divided by 2?
0
Let i = -1093 + 1440. What is the remainder when i is divided by 124?
99
Let c be (-308)/7*6/(-4). Let g = c - 103. Let s = -12 - g. Calculate the remainder when 89 is divided by s.
14
Let o = 39 - 35. Suppose 32*z - 4*h = 33*z - 59, -o*h = 4*z - 236. What is the remainder when 353 is divided by z?
58
Suppose 0 = -20*j + 7749 + 25531. Calculate the remainder when j is divided by 84.
68
What is the remainder when (4/(-19))/(100/(-227050)) is divided by 232?
14
Calculate the remainder when ((-272)/(-5) - 2)/((-18)/(-45)) is divided by 4/3 + (-722)/(-57) + 5.
17
Let z(o) = 3*o**2 + 24*o - 633. What is the remainder when z(-48) is divided by 171?
168
Let w = 3536 - 3516. What is the remainder when ((-68)/5)/((-4)/40) is divided by w?
16
Let b = -13994 + 35026. What is the remainder when b is divided by 171?
170
Let h = -21826 - -22053. Calculate the remainder when h is divided by 81.
65
Let q be (-4)/(-10) - (-1898)/130. Let p(u) be the second derivative of u**4/12 - 11*u**3/6 + 10*u**2 - 4*u. What is the remainder when p(q) is divided by 27?
26
Let l(k) = -k**3 + 13*k**2 - 50*k + 238. What is the remainder when 71 is divided by l(10)?
33
Calculate the remainder when (-28 + (-1974)/(-105))*50/(-4) is divided by 37.
4
Let j = 232 - 237. Calculate the remainder when 119 + j + 18/6 is divided by 30/(-9)*-2*3.
17
Let i = 180 - 174. Suppose -i*l - 32 + 158 = 0. Calculate the remainder when 33 is divided by l.
12
Let h = -14852 + 14919. What is the remainder when 8236 is divided by h?
62
Suppose -862*y + 848*y = -56. Let z = 248 - 107. Calculate the remainder when z is divided by y.
1
Let d(r) = r**3 - 56*r**2 + 220*r - 57. Calculate the remainder when d(52) is divided by 82.
75
Let z(h) = -42*h - 189. Suppose -28 = -2*l + 22. Calculate the remainder when z(-11) is divided by l.
23
Let k = -1524 - -1571. Calculate the remainder when 598 is divided by k.
34
Let f(u) = -3*u**2 + 33*u + 1. Suppose -4*p + 4 = 2*w, 2 = -0*p - p - 2*w. Calculate the remainder when f(7) is divided by (0 - p)/(8/(-172)).
42
Let n(b) = -3*b - 9. Let w = 165 - 168. Let t = w + 38. Calculate the remainder when t is divided by n(-6).
8
Let y be ((-32)/20)/(1/(15/(-6))). Suppose 5*k - 255 = -6*c + 8*c, y*c - 285 = -5*k. What is the remainder when k is divided by 1 - 57/(3*-1)?
13
Suppose s + 2*t - 229 = 0, -13*t + 11*t - 428 = -2*s. Let w = 115 + -99. What is the remainder when s is divided by w?
11
Let m = -4006 + 12014. Calculate the remainder when m is divided by 10.
8
Let w(t) = -371*t + 6859. Calculate the remainder when w(18) is divided by 69.
43
Let t = -19049 + 19911. What is the remainder when t is divided by 12?
10
Let h = 6831 - 6699. What is the remainder when h is divided by 99?
33
Let k = -42601 - -43006. What is the remainder when k is divided by 24?
21
Suppose -4*d + 38 = -2*l, -18*d = -20*d - l + 25. Let b = 291 - 245. What is the remainder when b is divided by d?
2
Let w(t) = -6*t**3 + 71*t**2 - 45*t + 18. Calculate the remainder when 318 is divided by w(11).
62
Suppose -v = 3*z - 261, -z + 4*v = -151 + 51. Let l(i) = 2*i**2 - 9*i + 27. Calculate the remainder when z is divided by l(4).
19
Suppose 388*a - 343*a - 3780 = 0. What is the remainder when 251 is divided by a?
83
Let j(l) = l**2 - 12*l - 117. Let v be ((-4)/6)/((130/429)/5). What is the remainder when j(v) is divided by 36?
28
Let g(m) = 4*m**2 - 3*m + 4. Suppose 150*f + 5 = 153*f - n, 3 = 3*f - 3*n. Calculate the remainder when g(3) is divided by f.
1
Let c(s) = s + 28. Let a(z) = -z - 1. Let n(d) = 6*a(d) + c(d). What is the remainder when 26 is divided by n(3)?
5
Suppose 11*s - 13*s = -5*i - 193, -5*s = -4*i - 525. Calculate the remainder when s is divided by 9.
1
Let r = -1789 + 1798. What is the remainder when 4452 is divided by r?
6
Let s be -6 + (3 + 2 - -5). Suppose 2*r + 72 = 2*w, 48 = w + s*r - r. What is the remainder when 72 is divided by w?
33
Suppose 40*f + 5*n = 36*f + 238, -158 = -2*f + 4*n. What is the remainder when 339 is divided by f?
4
Let w = 2836 - 2732. What is the remainder when w is divided by 30?
14
What is the remainder when (1622/4)/((12/(-8))/(-28 + 25)) is divided by 402?
7
Suppose 156*d = 1125 + 903. Let c = -16 + 22. Calculate the remainder when d is divided by c.
1
Suppose -2*m = -0*s - 4*s - 64, 0 = -3*m + 2*s + 80. Let y be 321/(-45) - 14/(-105). Calculate the remainder when m is divided by 37/5 + y/((-70)/(-4)).
3
Let x(h) = -h**3 + h**2 - h + 19. Let k be x(0). Let a = k + 25. Let g(y) = 2*y**2 + 57*y - 139. Calculate the remainder when a is divided by g(-31).
12
Let o = -59 + 285. Suppose -o = -11*j - 50. Suppose 4*z - 162 + 38 = 0. What is the remainder when z is divided by j?
15
Let j = -1 + 9. Suppose -j*p + 16 = -11*p - 4*r, -r = 4. Suppose -3*m + 375 = -t, p = -4*m - 5*t + 325 + 175. What is the remainder when m is divided by 32?
29
Suppose 44 = -2*a + 5*n + 3, 4*a + 157 = -5*n. Let x = 36 + a. Calculate the remainder when (x - -118) + (0 - -3) is divided by 21.
19
Let k = 16 + -9. Suppose -5*x = 5*c - 115, 4*c - 3*x - 64 = -k. Let p = -390 + 438. What is the